{"id":251,"date":"2021-09-27T10:14:13","date_gmt":"2021-09-27T10:14:13","guid":{"rendered":"http:\/\/rozwadowska.pl\/szaraeminencja\/?page_id=251"},"modified":"2021-09-27T10:27:41","modified_gmt":"2021-09-27T10:27:41","slug":"miot-e3","status":"publish","type":"page","link":"https:\/\/rozwadowska.pl\/szaraeminencja\/index.php\/miot-e3\/","title":{"rendered":"MIOT E3"},"content":{"rendered":"\n<p>22.06.2021 r. przyszed\u0142 na \u015bwiat miot E3. Rodzicami s\u0105 Rey i Koda. <\/p>\n\n\n\n<figure class=\"wp-block-gallery columns-2 is-cropped wp-block-gallery-1 is-layout-flex wp-block-gallery-is-layout-flex\"><ul class=\"blocks-gallery-grid\"><li class=\"blocks-gallery-item\"><figure><img decoding=\"async\" loading=\"lazy\" width=\"1024\" height=\"1024\" src=\"http:\/\/rozwadowska.pl\/szaraeminencja\/wp-content\/uploads\/2021\/09\/Koda-1024x1024-1-1024x1024.jpg\" alt=\"\" data-id=\"266\" data-full-url=\"http:\/\/rozwadowska.pl\/szaraeminencja\/wp-content\/uploads\/2021\/09\/Koda-1024x1024-1.jpg\" data-link=\"http:\/\/rozwadowska.pl\/szaraeminencja\/index.php\/miot-e3\/koda-1024x1024-1\/\" class=\"wp-image-266\" srcset=\"https:\/\/rozwadowska.pl\/szaraeminencja\/wp-content\/uploads\/2021\/09\/Koda-1024x1024-1.jpg 1024w, https:\/\/rozwadowska.pl\/szaraeminencja\/wp-content\/uploads\/2021\/09\/Koda-1024x1024-1-300x300.jpg 300w, https:\/\/rozwadowska.pl\/szaraeminencja\/wp-content\/uploads\/2021\/09\/Koda-1024x1024-1-150x150.jpg 150w, https:\/\/rozwadowska.pl\/szaraeminencja\/wp-content\/uploads\/2021\/09\/Koda-1024x1024-1-768x768.jpg 768w, https:\/\/rozwadowska.pl\/szaraeminencja\/wp-content\/uploads\/2021\/09\/Koda-1024x1024-1-620x620.jpg 620w, https:\/\/rozwadowska.pl\/szaraeminencja\/wp-content\/uploads\/2021\/09\/Koda-1024x1024-1-1000x1000.jpg 1000w, https:\/\/rozwadowska.pl\/szaraeminencja\/wp-content\/uploads\/2021\/09\/Koda-1024x1024-1-600x600.jpg 600w, https:\/\/rozwadowska.pl\/szaraeminencja\/wp-content\/uploads\/2021\/09\/Koda-1024x1024-1-400x400.jpg 400w\" sizes=\"(max-width: 1024px) 100vw, 1024px\" \/><\/figure><\/li><li class=\"blocks-gallery-item\"><figure><img decoding=\"async\" loading=\"lazy\" width=\"880\" height=\"1024\" src=\"http:\/\/rozwadowska.pl\/szaraeminencja\/wp-content\/uploads\/2021\/09\/rey-880x1024-1.jpg\" alt=\"\" data-id=\"267\" data-full-url=\"http:\/\/rozwadowska.pl\/szaraeminencja\/wp-content\/uploads\/2021\/09\/rey-880x1024-1.jpg\" data-link=\"http:\/\/rozwadowska.pl\/szaraeminencja\/index.php\/miot-e3\/rey-880x1024-1\/\" class=\"wp-image-267\" srcset=\"https:\/\/rozwadowska.pl\/szaraeminencja\/wp-content\/uploads\/2021\/09\/rey-880x1024-1.jpg 880w, https:\/\/rozwadowska.pl\/szaraeminencja\/wp-content\/uploads\/2021\/09\/rey-880x1024-1-258x300.jpg 258w, https:\/\/rozwadowska.pl\/szaraeminencja\/wp-content\/uploads\/2021\/09\/rey-880x1024-1-768x894.jpg 768w, https:\/\/rozwadowska.pl\/szaraeminencja\/wp-content\/uploads\/2021\/09\/rey-880x1024-1-533x620.jpg 533w, https:\/\/rozwadowska.pl\/szaraeminencja\/wp-content\/uploads\/2021\/09\/rey-880x1024-1-859x1000.jpg 859w, https:\/\/rozwadowska.pl\/szaraeminencja\/wp-content\/uploads\/2021\/09\/rey-880x1024-1-559x650.jpg 559w, https:\/\/rozwadowska.pl\/szaraeminencja\/wp-content\/uploads\/2021\/09\/rey-880x1024-1-387x450.jpg 387w\" sizes=\"(max-width: 880px) 100vw, 880px\" \/><\/figure><\/li><\/ul><\/figure>\n\n\n\n<p>W miocie E3 przysz\u0142y na \u015bwiat 4 kocurki:<\/p>\n\n\n\n<p>Emir &#8211; zamieszka z Panem Tomaszem w Holandii<\/p>\n\n\n\n<p>Effendi &#8211; zamieszka z Panem Krzysztofem w Holandii <\/p>\n\n\n\n<p>Edler &#8211; zamieszka z Pani\u0105 Basi\u0105 w Krakowie<\/p>\n\n\n\n<p>Earl &#8211; wolny<\/p>\n","protected":false},"excerpt":{"rendered":"<p>22.06.2021 r. przyszed\u0142 na \u015bwiat miot E3. Rodzicami s\u0105 Rey i Koda. W miocie E3 przysz\u0142y na \u015bwiat 4 kocurki: Emir &#8211; zamieszka z Panem Tomaszem w Holandii Effendi &#8211;&hellip;<a href=\"https:\/\/rozwadowska.pl\/szaraeminencja\/index.php\/miot-e3\/\" class=\"more-link\"><span class=\"more-button\">Continue reading<span class=\"screen-reader-text\">MIOT E3<\/span><\/span><\/a><\/p>\n","protected":false},"author":1,"featured_media":0,"parent":0,"menu_order":0,"comment_status":"closed","ping_status":"closed","template":"","meta":{"footnotes":""},"_links":{"self":[{"href":"https:\/\/rozwadowska.pl\/szaraeminencja\/index.php\/wp-json\/wp\/v2\/pages\/251"}],"collection":[{"href":"https:\/\/rozwadowska.pl\/szaraeminencja\/index.php\/wp-json\/wp\/v2\/pages"}],"about":[{"href":"https:\/\/rozwadowska.pl\/szaraeminencja\/index.php\/wp-json\/wp\/v2\/types\/page"}],"author":[{"embeddable":true,"href":"https:\/\/rozwadowska.pl\/szaraeminencja\/index.php\/wp-json\/wp\/v2\/users\/1"}],"replies":[{"embeddable":true,"href":"https:\/\/rozwadowska.pl\/szaraeminencja\/index.php\/wp-json\/wp\/v2\/comments?post=251"}],"version-history":[{"count":2,"href":"https:\/\/rozwadowska.pl\/szaraeminencja\/index.php\/wp-json\/wp\/v2\/pages\/251\/revisions"}],"predecessor-version":[{"id":268,"href":"https:\/\/rozwadowska.pl\/szaraeminencja\/index.php\/wp-json\/wp\/v2\/pages\/251\/revisions\/268"}],"wp:attachment":[{"href":"https:\/\/rozwadowska.pl\/szaraeminencja\/index.php\/wp-json\/wp\/v2\/media?parent=251"}],"curies":[{"name":"wp","href":"https:\/\/api.w.org\/{rel}","templated":true}]}}

<p>22.06.2021 r. przyszedł na świat miot E3. Rodzicami są Rey i Koda. </p>



<figure class="wp-block-gallery columns-2 is-cropped wp-block-gallery-1 is-layout-flex wp-block-gallery-is-layout-flex"><ul class="blocks-gallery-grid"><li class="blocks-gallery-item"><figure><img decoding="async" loading="lazy" width="1024" height="1024" src="http://rozwadowska.pl/szaraeminencja/wp-content/uploads/2021/09/Koda-1024x1024-1-1024x1024.jpg" alt="" data-id="266" data-full-url="http://rozwadowska.pl/szaraeminencja/wp-content/uploads/2021/09/Koda-1024x1024-1.jpg" data-link="http://rozwadowska.pl/szaraeminencja/index.php/miot-e3/koda-1024x1024-1/" class="wp-image-266" srcset="https://rozwadowska.pl/szaraeminencja/wp-content/uploads/2021/09/Koda-1024x1024-1.jpg 1024w, https://rozwadowska.pl/szaraeminencja/wp-content/uploads/2021/09/Koda-1024x1024-1-300x300.jpg 300w, https://rozwadowska.pl/szaraeminencja/wp-content/uploads/2021/09/Koda-1024x1024-1-150x150.jpg 150w, https://rozwadowska.pl/szaraeminencja/wp-content/uploads/2021/09/Koda-1024x1024-1-768x768.jpg 768w, https://rozwadowska.pl/szaraeminencja/wp-content/uploads/2021/09/Koda-1024x1024-1-620x620.jpg 620w, https://rozwadowska.pl/szaraeminencja/wp-content/uploads/2021/09/Koda-1024x1024-1-1000x1000.jpg 1000w, https://rozwadowska.pl/szaraeminencja/wp-content/uploads/2021/09/Koda-1024x1024-1-600x600.jpg 600w, https://rozwadowska.pl/szaraeminencja/wp-content/uploads/2021/09/Koda-1024x1024-1-400x400.jpg 400w" sizes="(max-width: 1024px) 100vw, 1024px" /></figure></li><li class="blocks-gallery-item"><figure><img decoding="async" loading="lazy" width="880" height="1024" src="http://rozwadowska.pl/szaraeminencja/wp-content/uploads/2021/09/rey-880x1024-1.jpg" alt="" data-id="267" data-full-url="http://rozwadowska.pl/szaraeminencja/wp-content/uploads/2021/09/rey-880x1024-1.jpg" data-link="http://rozwadowska.pl/szaraeminencja/index.php/miot-e3/rey-880x1024-1/" class="wp-image-267" srcset="https://rozwadowska.pl/szaraeminencja/wp-content/uploads/2021/09/rey-880x1024-1.jpg 880w, https://rozwadowska.pl/szaraeminencja/wp-content/uploads/2021/09/rey-880x1024-1-258x300.jpg 258w, https://rozwadowska.pl/szaraeminencja/wp-content/uploads/2021/09/rey-880x1024-1-768x894.jpg 768w, https://rozwadowska.pl/szaraeminencja/wp-content/uploads/2021/09/rey-880x1024-1-533x620.jpg 533w, https://rozwadowska.pl/szaraeminencja/wp-content/uploads/2021/09/rey-880x1024-1-859x1000.jpg 859w, https://rozwadowska.pl/szaraeminencja/wp-content/uploads/2021/09/rey-880x1024-1-559x650.jpg 559w, https://rozwadowska.pl/szaraeminencja/wp-content/uploads/2021/09/rey-880x1024-1-387x450.jpg 387w" sizes="(max-width: 880px) 100vw, 880px" /></figure></li></ul></figure>



<p>W miocie E3 przyszły na świat 4 kocurki:</p>



<p>Emir &#8211; zamieszka z Panem Tomaszem w Holandii</p>



<p>Effendi &#8211; zamieszka z Panem Krzysztofem w Holandii </p>



<p>Edler &#8211; zamieszka z Panią Basią w Krakowie</p>



<p>Earl &#8211; wolny</p>

<p>22.06.2021 r. przyszedł na świat miot E3. Rodzicami są Rey i Koda. W miocie E3 przyszły na świat 4 kocurki: Emir &#8211; zamieszka z Panem Tomaszem w Holandii Effendi &#8211;&hellip;<a href="https://rozwadowska.pl/szaraeminencja/index.php/miot-e3/" class="more-link"><span class="more-button">Continue reading<span class="screen-reader-text">MIOT E3</span></span></a></p>
