{"id":487,"date":"2023-08-17T04:12:20","date_gmt":"2023-08-17T04:12:20","guid":{"rendered":"http:\/\/rozwadowska.pl\/szaraeminencja\/?page_id=487"},"modified":"2023-08-17T06:48:48","modified_gmt":"2023-08-17T06:48:48","slug":"miot-o","status":"publish","type":"page","link":"http:\/\/rozwadowska.pl\/szaraeminencja\/index.php\/miot-o\/","title":{"rendered":"Miot O3"},"content":{"rendered":"\n<p>20.06.2023 r. w miocie O3 przysz\u0142a na \u015bwiat koteczka. Rodzicami zostali:<\/p>\n\n\n\n<figure class=\"wp-block-gallery columns-2 is-cropped wp-block-gallery-1 is-layout-flex wp-block-gallery-is-layout-flex\"><ul class=\"blocks-gallery-grid\"><li class=\"blocks-gallery-item\"><figure><img decoding=\"async\" loading=\"lazy\" width=\"1024\" height=\"1024\" src=\"http:\/\/rozwadowska.pl\/szaraeminencja\/wp-content\/uploads\/2023\/08\/DCZ_0549-scaled-e1692246221285-1024x1024.jpg\" alt=\"\" data-id=\"492\" data-full-url=\"http:\/\/rozwadowska.pl\/szaraeminencja\/wp-content\/uploads\/2023\/08\/DCZ_0549-scaled-e1692246221285.jpg\" data-link=\"http:\/\/rozwadowska.pl\/szaraeminencja\/?attachment_id=492\" class=\"wp-image-492\" srcset=\"http:\/\/rozwadowska.pl\/szaraeminencja\/wp-content\/uploads\/2023\/08\/DCZ_0549-scaled-e1692246221285-1024x1024.jpg 1024w, http:\/\/rozwadowska.pl\/szaraeminencja\/wp-content\/uploads\/2023\/08\/DCZ_0549-scaled-e1692246221285-300x300.jpg 300w, http:\/\/rozwadowska.pl\/szaraeminencja\/wp-content\/uploads\/2023\/08\/DCZ_0549-scaled-e1692246221285-150x150.jpg 150w, http:\/\/rozwadowska.pl\/szaraeminencja\/wp-content\/uploads\/2023\/08\/DCZ_0549-scaled-e1692246221285-768x768.jpg 768w, http:\/\/rozwadowska.pl\/szaraeminencja\/wp-content\/uploads\/2023\/08\/DCZ_0549-scaled-e1692246221285-620x620.jpg 620w, http:\/\/rozwadowska.pl\/szaraeminencja\/wp-content\/uploads\/2023\/08\/DCZ_0549-scaled-e1692246221285-1000x1000.jpg 1000w, http:\/\/rozwadowska.pl\/szaraeminencja\/wp-content\/uploads\/2023\/08\/DCZ_0549-scaled-e1692246221285-600x600.jpg 600w, http:\/\/rozwadowska.pl\/szaraeminencja\/wp-content\/uploads\/2023\/08\/DCZ_0549-scaled-e1692246221285-400x400.jpg 400w, http:\/\/rozwadowska.pl\/szaraeminencja\/wp-content\/uploads\/2023\/08\/DCZ_0549-scaled-e1692246221285.jpg 1190w\" sizes=\"(max-width: 1024px) 100vw, 1024px\" \/><figcaption class=\"blocks-gallery-item__caption\">Jena Szara Eminencja*PL<\/figcaption><\/figure><\/li><li class=\"blocks-gallery-item\"><figure><img decoding=\"async\" loading=\"lazy\" width=\"1024\" height=\"1024\" src=\"http:\/\/rozwadowska.pl\/szaraeminencja\/wp-content\/uploads\/2023\/08\/20230322_152658-1-scaled-e1692248289800-1024x1024.jpg\" alt=\"\" data-id=\"503\" data-full-url=\"http:\/\/rozwadowska.pl\/szaraeminencja\/wp-content\/uploads\/2023\/08\/20230322_152658-1-scaled-e1692248289800.jpg\" data-link=\"http:\/\/rozwadowska.pl\/szaraeminencja\/index.php\/kocury\/20230322_152658-2\/\" class=\"wp-image-503\" srcset=\"http:\/\/rozwadowska.pl\/szaraeminencja\/wp-content\/uploads\/2023\/08\/20230322_152658-1-scaled-e1692248289800-1024x1024.jpg 1024w, http:\/\/rozwadowska.pl\/szaraeminencja\/wp-content\/uploads\/2023\/08\/20230322_152658-1-scaled-e1692248289800-300x300.jpg 300w, http:\/\/rozwadowska.pl\/szaraeminencja\/wp-content\/uploads\/2023\/08\/20230322_152658-1-scaled-e1692248289800-150x150.jpg 150w, http:\/\/rozwadowska.pl\/szaraeminencja\/wp-content\/uploads\/2023\/08\/20230322_152658-1-scaled-e1692248289800-768x768.jpg 768w, http:\/\/rozwadowska.pl\/szaraeminencja\/wp-content\/uploads\/2023\/08\/20230322_152658-1-scaled-e1692248289800-620x620.jpg 620w, http:\/\/rozwadowska.pl\/szaraeminencja\/wp-content\/uploads\/2023\/08\/20230322_152658-1-scaled-e1692248289800-1000x1000.jpg 1000w, http:\/\/rozwadowska.pl\/szaraeminencja\/wp-content\/uploads\/2023\/08\/20230322_152658-1-scaled-e1692248289800-600x600.jpg 600w, http:\/\/rozwadowska.pl\/szaraeminencja\/wp-content\/uploads\/2023\/08\/20230322_152658-1-scaled-e1692248289800-400x400.jpg 400w, http:\/\/rozwadowska.pl\/szaraeminencja\/wp-content\/uploads\/2023\/08\/20230322_152658-1-scaled-e1692248289800.jpg 1100w\" sizes=\"(max-width: 1024px) 100vw, 1024px\" \/><figcaption class=\"blocks-gallery-item__caption\">Heros Szara Eminencja*PL<\/figcaption><\/figure><\/li><\/ul><\/figure>\n\n\n\n<p>Ma\u0142a Olga jest w obserwacji hodowlanej i prawdopodobnie zamieszka w zaprzyja\u017anionej hodowli.<\/p>\n\n\n\n<figure class=\"wp-block-image size-large\"><img decoding=\"async\" loading=\"lazy\" width=\"683\" height=\"1024\" src=\"http:\/\/rozwadowska.pl\/szaraeminencja\/wp-content\/uploads\/2023\/08\/DCZ_0630-683x1024.jpg\" alt=\"\" class=\"wp-image-510\" srcset=\"http:\/\/rozwadowska.pl\/szaraeminencja\/wp-content\/uploads\/2023\/08\/DCZ_0630-683x1024.jpg 683w, http:\/\/rozwadowska.pl\/szaraeminencja\/wp-content\/uploads\/2023\/08\/DCZ_0630-200x300.jpg 200w, http:\/\/rozwadowska.pl\/szaraeminencja\/wp-content\/uploads\/2023\/08\/DCZ_0630-768x1152.jpg 768w, http:\/\/rozwadowska.pl\/szaraeminencja\/wp-content\/uploads\/2023\/08\/DCZ_0630-1024x1536.jpg 1024w, http:\/\/rozwadowska.pl\/szaraeminencja\/wp-content\/uploads\/2023\/08\/DCZ_0630-1365x2048.jpg 1365w, http:\/\/rozwadowska.pl\/szaraeminencja\/wp-content\/uploads\/2023\/08\/DCZ_0630-413x620.jpg 413w, http:\/\/rozwadowska.pl\/szaraeminencja\/wp-content\/uploads\/2023\/08\/DCZ_0630-667x1000.jpg 667w, http:\/\/rozwadowska.pl\/szaraeminencja\/wp-content\/uploads\/2023\/08\/DCZ_0630-433x650.jpg 433w, http:\/\/rozwadowska.pl\/szaraeminencja\/wp-content\/uploads\/2023\/08\/DCZ_0630-300x450.jpg 300w, http:\/\/rozwadowska.pl\/szaraeminencja\/wp-content\/uploads\/2023\/08\/DCZ_0630-scaled.jpg 1706w\" sizes=\"(max-width: 683px) 100vw, 683px\" \/><\/figure>\n","protected":false},"excerpt":{"rendered":"<p>20.06.2023 r. w miocie O3 przysz\u0142a na \u015bwiat koteczka. Rodzicami zostali: Ma\u0142a Olga jest w obserwacji hodowlanej i prawdopodobnie zamieszka w zaprzyja\u017anionej hodowli.<\/p>\n","protected":false},"author":1,"featured_media":0,"parent":0,"menu_order":0,"comment_status":"closed","ping_status":"closed","template":"","meta":{"footnotes":""},"_links":{"self":[{"href":"http:\/\/rozwadowska.pl\/szaraeminencja\/index.php\/wp-json\/wp\/v2\/pages\/487"}],"collection":[{"href":"http:\/\/rozwadowska.pl\/szaraeminencja\/index.php\/wp-json\/wp\/v2\/pages"}],"about":[{"href":"http:\/\/rozwadowska.pl\/szaraeminencja\/index.php\/wp-json\/wp\/v2\/types\/page"}],"author":[{"embeddable":true,"href":"http:\/\/rozwadowska.pl\/szaraeminencja\/index.php\/wp-json\/wp\/v2\/users\/1"}],"replies":[{"embeddable":true,"href":"http:\/\/rozwadowska.pl\/szaraeminencja\/index.php\/wp-json\/wp\/v2\/comments?post=487"}],"version-history":[{"count":3,"href":"http:\/\/rozwadowska.pl\/szaraeminencja\/index.php\/wp-json\/wp\/v2\/pages\/487\/revisions"}],"predecessor-version":[{"id":524,"href":"http:\/\/rozwadowska.pl\/szaraeminencja\/index.php\/wp-json\/wp\/v2\/pages\/487\/revisions\/524"}],"wp:attachment":[{"href":"http:\/\/rozwadowska.pl\/szaraeminencja\/index.php\/wp-json\/wp\/v2\/media?parent=487"}],"curies":[{"name":"wp","href":"https:\/\/api.w.org\/{rel}","templated":true}]}}

<p>20.06.2023 r. w miocie O3 przyszła na świat koteczka. Rodzicami zostali:</p>



<figure class="wp-block-gallery columns-2 is-cropped wp-block-gallery-1 is-layout-flex wp-block-gallery-is-layout-flex"><ul class="blocks-gallery-grid"><li class="blocks-gallery-item"><figure><img decoding="async" loading="lazy" width="1024" height="1024" src="http://rozwadowska.pl/szaraeminencja/wp-content/uploads/2023/08/DCZ_0549-scaled-e1692246221285-1024x1024.jpg" alt="" data-id="492" data-full-url="http://rozwadowska.pl/szaraeminencja/wp-content/uploads/2023/08/DCZ_0549-scaled-e1692246221285.jpg" data-link="http://rozwadowska.pl/szaraeminencja/?attachment_id=492" class="wp-image-492" srcset="http://rozwadowska.pl/szaraeminencja/wp-content/uploads/2023/08/DCZ_0549-scaled-e1692246221285-1024x1024.jpg 1024w, http://rozwadowska.pl/szaraeminencja/wp-content/uploads/2023/08/DCZ_0549-scaled-e1692246221285-300x300.jpg 300w, http://rozwadowska.pl/szaraeminencja/wp-content/uploads/2023/08/DCZ_0549-scaled-e1692246221285-150x150.jpg 150w, http://rozwadowska.pl/szaraeminencja/wp-content/uploads/2023/08/DCZ_0549-scaled-e1692246221285-768x768.jpg 768w, http://rozwadowska.pl/szaraeminencja/wp-content/uploads/2023/08/DCZ_0549-scaled-e1692246221285-620x620.jpg 620w, http://rozwadowska.pl/szaraeminencja/wp-content/uploads/2023/08/DCZ_0549-scaled-e1692246221285-1000x1000.jpg 1000w, http://rozwadowska.pl/szaraeminencja/wp-content/uploads/2023/08/DCZ_0549-scaled-e1692246221285-600x600.jpg 600w, http://rozwadowska.pl/szaraeminencja/wp-content/uploads/2023/08/DCZ_0549-scaled-e1692246221285-400x400.jpg 400w, http://rozwadowska.pl/szaraeminencja/wp-content/uploads/2023/08/DCZ_0549-scaled-e1692246221285.jpg 1190w" sizes="(max-width: 1024px) 100vw, 1024px" /><figcaption class="blocks-gallery-item__caption">Jena Szara Eminencja*PL</figcaption></figure></li><li class="blocks-gallery-item"><figure><img decoding="async" loading="lazy" width="1024" height="1024" src="http://rozwadowska.pl/szaraeminencja/wp-content/uploads/2023/08/20230322_152658-1-scaled-e1692248289800-1024x1024.jpg" alt="" data-id="503" data-full-url="http://rozwadowska.pl/szaraeminencja/wp-content/uploads/2023/08/20230322_152658-1-scaled-e1692248289800.jpg" data-link="http://rozwadowska.pl/szaraeminencja/index.php/kocury/20230322_152658-2/" class="wp-image-503" srcset="http://rozwadowska.pl/szaraeminencja/wp-content/uploads/2023/08/20230322_152658-1-scaled-e1692248289800-1024x1024.jpg 1024w, http://rozwadowska.pl/szaraeminencja/wp-content/uploads/2023/08/20230322_152658-1-scaled-e1692248289800-300x300.jpg 300w, http://rozwadowska.pl/szaraeminencja/wp-content/uploads/2023/08/20230322_152658-1-scaled-e1692248289800-150x150.jpg 150w, http://rozwadowska.pl/szaraeminencja/wp-content/uploads/2023/08/20230322_152658-1-scaled-e1692248289800-768x768.jpg 768w, http://rozwadowska.pl/szaraeminencja/wp-content/uploads/2023/08/20230322_152658-1-scaled-e1692248289800-620x620.jpg 620w, http://rozwadowska.pl/szaraeminencja/wp-content/uploads/2023/08/20230322_152658-1-scaled-e1692248289800-1000x1000.jpg 1000w, http://rozwadowska.pl/szaraeminencja/wp-content/uploads/2023/08/20230322_152658-1-scaled-e1692248289800-600x600.jpg 600w, http://rozwadowska.pl/szaraeminencja/wp-content/uploads/2023/08/20230322_152658-1-scaled-e1692248289800-400x400.jpg 400w, http://rozwadowska.pl/szaraeminencja/wp-content/uploads/2023/08/20230322_152658-1-scaled-e1692248289800.jpg 1100w" sizes="(max-width: 1024px) 100vw, 1024px" /><figcaption class="blocks-gallery-item__caption">Heros Szara Eminencja*PL</figcaption></figure></li></ul></figure>



<p>Mała Olga jest w obserwacji hodowlanej i prawdopodobnie zamieszka w zaprzyjaźnionej hodowli.</p>



<figure class="wp-block-image size-large"><img decoding="async" loading="lazy" width="683" height="1024" src="http://rozwadowska.pl/szaraeminencja/wp-content/uploads/2023/08/DCZ_0630-683x1024.jpg" alt="" class="wp-image-510" srcset="http://rozwadowska.pl/szaraeminencja/wp-content/uploads/2023/08/DCZ_0630-683x1024.jpg 683w, http://rozwadowska.pl/szaraeminencja/wp-content/uploads/2023/08/DCZ_0630-200x300.jpg 200w, http://rozwadowska.pl/szaraeminencja/wp-content/uploads/2023/08/DCZ_0630-768x1152.jpg 768w, http://rozwadowska.pl/szaraeminencja/wp-content/uploads/2023/08/DCZ_0630-1024x1536.jpg 1024w, http://rozwadowska.pl/szaraeminencja/wp-content/uploads/2023/08/DCZ_0630-1365x2048.jpg 1365w, http://rozwadowska.pl/szaraeminencja/wp-content/uploads/2023/08/DCZ_0630-413x620.jpg 413w, http://rozwadowska.pl/szaraeminencja/wp-content/uploads/2023/08/DCZ_0630-667x1000.jpg 667w, http://rozwadowska.pl/szaraeminencja/wp-content/uploads/2023/08/DCZ_0630-433x650.jpg 433w, http://rozwadowska.pl/szaraeminencja/wp-content/uploads/2023/08/DCZ_0630-300x450.jpg 300w, http://rozwadowska.pl/szaraeminencja/wp-content/uploads/2023/08/DCZ_0630-scaled.jpg 1706w" sizes="(max-width: 683px) 100vw, 683px" /></figure>

<p>20.06.2023 r. w miocie O3 przyszła na świat koteczka. Rodzicami zostali: Mała Olga jest w obserwacji hodowlanej i prawdopodobnie zamieszka w zaprzyjaźnionej hodowli.</p>
