{"id":198,"date":"2021-04-07T14:27:43","date_gmt":"2021-04-07T14:27:43","guid":{"rendered":"http:\/\/rozwadowska.pl\/szaraeminencja\/?page_id=198"},"modified":"2021-04-07T14:39:09","modified_gmt":"2021-04-07T14:39:09","slug":"c3","status":"publish","type":"page","link":"http:\/\/rozwadowska.pl\/szaraeminencja\/index.php\/c3\/","title":{"rendered":"MIOT C3"},"content":{"rendered":"\n<p>13 lutego 2021 r. przyszed\u0142 na \u015bwiat miot C3 z po\u0142\u0105czenia naszych rezydent\u00f3w:<br>Kidy i Mishy Szarych Eminencji*PL.<\/p>\n\n\n\n<figure class=\"wp-block-gallery columns-2 is-cropped wp-block-gallery-1 is-layout-flex wp-block-gallery-is-layout-flex\"><ul class=\"blocks-gallery-grid\"><li class=\"blocks-gallery-item\"><figure><img decoding=\"async\" loading=\"lazy\" width=\"270\" height=\"270\" src=\"http:\/\/rozwadowska.pl\/szaraeminencja\/wp-content\/uploads\/2021\/04\/Kida.png\" alt=\"\" data-id=\"155\" data-full-url=\"http:\/\/rozwadowska.pl\/szaraeminencja\/wp-content\/uploads\/2021\/04\/Kida.png\" data-link=\"http:\/\/rozwadowska.pl\/szaraeminencja\/index.php\/kotki\/kida\/\" class=\"wp-image-155\" srcset=\"http:\/\/rozwadowska.pl\/szaraeminencja\/wp-content\/uploads\/2021\/04\/Kida.png 270w, http:\/\/rozwadowska.pl\/szaraeminencja\/wp-content\/uploads\/2021\/04\/Kida-150x150.png 150w\" sizes=\"(max-width: 270px) 100vw, 270px\" \/><figcaption class=\"blocks-gallery-item__caption\">Kida Szara Eminencja*PL<\/figcaption><\/figure><\/li><li class=\"blocks-gallery-item\"><figure><img decoding=\"async\" loading=\"lazy\" width=\"270\" height=\"270\" src=\"http:\/\/rozwadowska.pl\/szaraeminencja\/wp-content\/uploads\/2021\/04\/Misha.png\" alt=\"\" data-id=\"174\" data-full-url=\"http:\/\/rozwadowska.pl\/szaraeminencja\/wp-content\/uploads\/2021\/04\/Misha.png\" data-link=\"http:\/\/rozwadowska.pl\/szaraeminencja\/index.php\/kocury\/misha\/\" class=\"wp-image-174\" srcset=\"http:\/\/rozwadowska.pl\/szaraeminencja\/wp-content\/uploads\/2021\/04\/Misha.png 270w, http:\/\/rozwadowska.pl\/szaraeminencja\/wp-content\/uploads\/2021\/04\/Misha-150x150.png 150w\" sizes=\"(max-width: 270px) 100vw, 270px\" \/><figcaption class=\"blocks-gallery-item__caption\">Misha Szara Eminencja*PL<\/figcaption><\/figure><\/li><\/ul><\/figure>\n\n\n\n<p>Rezerwacje:<br>kotka &#8211; dla Pana Jakuba<br>kocur &#8211; dla Pani Kasi i Pana Adama<br>kocur &#8211; dla Pani Basi<br>kocur &#8211; dla Pani Karoliny<\/p>\n","protected":false},"excerpt":{"rendered":"<p>13 lutego 2021 r. przyszed\u0142 na \u015bwiat miot C3 z po\u0142\u0105czenia naszych rezydent\u00f3w:Kidy i Mishy Szarych Eminencji*PL. Rezerwacje:kotka &#8211; dla Pana Jakubakocur &#8211; dla Pani Kasi i Pana Adamakocur &#8211;&hellip;<a href=\"http:\/\/rozwadowska.pl\/szaraeminencja\/index.php\/c3\/\" class=\"more-link\"><span class=\"more-button\">Continue reading<span class=\"screen-reader-text\">MIOT C3<\/span><\/span><\/a><\/p>\n","protected":false},"author":1,"featured_media":0,"parent":0,"menu_order":0,"comment_status":"closed","ping_status":"closed","template":"","meta":{"footnotes":""},"_links":{"self":[{"href":"http:\/\/rozwadowska.pl\/szaraeminencja\/index.php\/wp-json\/wp\/v2\/pages\/198"}],"collection":[{"href":"http:\/\/rozwadowska.pl\/szaraeminencja\/index.php\/wp-json\/wp\/v2\/pages"}],"about":[{"href":"http:\/\/rozwadowska.pl\/szaraeminencja\/index.php\/wp-json\/wp\/v2\/types\/page"}],"author":[{"embeddable":true,"href":"http:\/\/rozwadowska.pl\/szaraeminencja\/index.php\/wp-json\/wp\/v2\/users\/1"}],"replies":[{"embeddable":true,"href":"http:\/\/rozwadowska.pl\/szaraeminencja\/index.php\/wp-json\/wp\/v2\/comments?post=198"}],"version-history":[{"count":4,"href":"http:\/\/rozwadowska.pl\/szaraeminencja\/index.php\/wp-json\/wp\/v2\/pages\/198\/revisions"}],"predecessor-version":[{"id":215,"href":"http:\/\/rozwadowska.pl\/szaraeminencja\/index.php\/wp-json\/wp\/v2\/pages\/198\/revisions\/215"}],"wp:attachment":[{"href":"http:\/\/rozwadowska.pl\/szaraeminencja\/index.php\/wp-json\/wp\/v2\/media?parent=198"}],"curies":[{"name":"wp","href":"https:\/\/api.w.org\/{rel}","templated":true}]}}

<p>13 lutego 2021 r. przyszedł na świat miot C3 z połączenia naszych rezydentów:<br>Kidy i Mishy Szarych Eminencji*PL.</p>



<figure class="wp-block-gallery columns-2 is-cropped wp-block-gallery-1 is-layout-flex wp-block-gallery-is-layout-flex"><ul class="blocks-gallery-grid"><li class="blocks-gallery-item"><figure><img decoding="async" loading="lazy" width="270" height="270" src="http://rozwadowska.pl/szaraeminencja/wp-content/uploads/2021/04/Kida.png" alt="" data-id="155" data-full-url="http://rozwadowska.pl/szaraeminencja/wp-content/uploads/2021/04/Kida.png" data-link="http://rozwadowska.pl/szaraeminencja/index.php/kotki/kida/" class="wp-image-155" srcset="http://rozwadowska.pl/szaraeminencja/wp-content/uploads/2021/04/Kida.png 270w, http://rozwadowska.pl/szaraeminencja/wp-content/uploads/2021/04/Kida-150x150.png 150w" sizes="(max-width: 270px) 100vw, 270px" /><figcaption class="blocks-gallery-item__caption">Kida Szara Eminencja*PL</figcaption></figure></li><li class="blocks-gallery-item"><figure><img decoding="async" loading="lazy" width="270" height="270" src="http://rozwadowska.pl/szaraeminencja/wp-content/uploads/2021/04/Misha.png" alt="" data-id="174" data-full-url="http://rozwadowska.pl/szaraeminencja/wp-content/uploads/2021/04/Misha.png" data-link="http://rozwadowska.pl/szaraeminencja/index.php/kocury/misha/" class="wp-image-174" srcset="http://rozwadowska.pl/szaraeminencja/wp-content/uploads/2021/04/Misha.png 270w, http://rozwadowska.pl/szaraeminencja/wp-content/uploads/2021/04/Misha-150x150.png 150w" sizes="(max-width: 270px) 100vw, 270px" /><figcaption class="blocks-gallery-item__caption">Misha Szara Eminencja*PL</figcaption></figure></li></ul></figure>



<p>Rezerwacje:<br>kotka &#8211; dla Pana Jakuba<br>kocur &#8211; dla Pani Kasi i Pana Adama<br>kocur &#8211; dla Pani Basi<br>kocur &#8211; dla Pani Karoliny</p>

<p>13 lutego 2021 r. przyszedł na świat miot C3 z połączenia naszych rezydentów:Kidy i Mishy Szarych Eminencji*PL. Rezerwacje:kotka &#8211; dla Pana Jakubakocur &#8211; dla Pani Kasi i Pana Adamakocur &#8211;&hellip;<a href="http://rozwadowska.pl/szaraeminencja/index.php/c3/" class="more-link"><span class="more-button">Continue reading<span class="screen-reader-text">MIOT C3</span></span></a></p>
